{"id":50395,"date":"2025-09-22T18:56:24","date_gmt":"2025-09-22T16:56:24","guid":{"rendered":"https:\/\/lafermedelatruffe.fr\/API\/?post_type=product&#038;p=50395"},"modified":"2025-12-12T18:00:31","modified_gmt":"2025-12-12T17:00:31","slug":"week-end-truffe-3-jours","status":"publish","type":"product","link":"https:\/\/lafermedelatruffe.fr\/API\/boutique\/week-end-truffe-3-jours\/","title":{"rendered":"week-end truffe 3 jours\/2 nuits"},"content":{"rendered":"<p>Arriv\u00e9e le vendredi \u00e0 partir de 16h<\/p>\n<p>installation dans votre chambre confort violette ou rose des champs<\/p>\n<p>Ap\u00e9ritif et 2 menus du Quercy vers 19h30\/20h<\/p>\n<p>samedi:<\/p>\n<p>petit d\u00e9jeuner au restaurant en table d h\u00f4te<\/p>\n<p>d\u00e9part \u00e0 9h30 pour le march\u00e9 au truffe du jour avec serge votre guide<\/p>\n<p>d\u00e9jeuner du midi : 2 menus saveur du Quercy<\/p>\n<p>15h cavage et visite des truffi\u00e8res<\/p>\n<p>19h30 repas diamant noir sp\u00e9cial du samedi soir autour de la truffe noire<\/p>\n<p>seconde nuit en chambre<\/p>\n<p>dimanche:<\/p>\n<p>petit d\u00e9jeuner<\/p>\n<p>visite de la ville de martel<\/p>\n<p>2 menus l \u00e9ph\u00e9m\u00e8re: le top des menus truffe<\/p>\n<p>fin du s\u00e9jour<\/p>\n<p>&nbsp;<\/p>\n<p>&nbsp;<\/p>\n","protected":false},"excerpt":{"rendered":"<p>Arriv\u00e9e le vendredi \u00e0 partir de 16h installation dans votre chambre confort violette ou rose des champs Ap\u00e9ritif et 2 menus du Quercy vers 19h30\/20h samedi: petit d\u00e9jeuner au restaurant en table d h\u00f4te d\u00e9part \u00e0 9h30 pour le march\u00e9 au truffe du jour avec serge votre guide d\u00e9jeuner du midi : 2 menus saveur [&hellip;]<\/p>\n","protected":false},"featured_media":0,"comment_status":"open","ping_status":"closed","template":"","meta":{"ocean_post_layout":"","ocean_both_sidebars_style":"","ocean_both_sidebars_content_width":0,"ocean_both_sidebars_sidebars_width":0,"ocean_sidebar":"0","ocean_second_sidebar":"0","ocean_disable_margins":"enable","ocean_add_body_class":"","ocean_shortcode_before_top_bar":"","ocean_shortcode_after_top_bar":"","ocean_shortcode_before_header":"","ocean_shortcode_after_header":"","ocean_has_shortcode":"","ocean_shortcode_after_title":"","ocean_shortcode_before_footer_widgets":"","ocean_shortcode_after_footer_widgets":"","ocean_shortcode_before_footer_bottom":"","ocean_shortcode_after_footer_bottom":"","ocean_display_top_bar":"default","ocean_display_header":"default","ocean_header_style":"","ocean_center_header_left_menu":"0","ocean_custom_header_template":"0","ocean_custom_logo":0,"ocean_custom_retina_logo":0,"ocean_custom_logo_max_width":0,"ocean_custom_logo_tablet_max_width":0,"ocean_custom_logo_mobile_max_width":0,"ocean_custom_logo_max_height":0,"ocean_custom_logo_tablet_max_height":0,"ocean_custom_logo_mobile_max_height":0,"ocean_header_custom_menu":"0","ocean_menu_typo_font_family":"0","ocean_menu_typo_font_subset":"","ocean_menu_typo_font_size":0,"ocean_menu_typo_font_size_tablet":0,"ocean_menu_typo_font_size_mobile":0,"ocean_menu_typo_font_size_unit":"px","ocean_menu_typo_font_weight":"","ocean_menu_typo_font_weight_tablet":"","ocean_menu_typo_font_weight_mobile":"","ocean_menu_typo_transform":"","ocean_menu_typo_transform_tablet":"","ocean_menu_typo_transform_mobile":"","ocean_menu_typo_line_height":0,"ocean_menu_typo_line_height_tablet":0,"ocean_menu_typo_line_height_mobile":0,"ocean_menu_typo_line_height_unit":"","ocean_menu_typo_spacing":0,"ocean_menu_typo_spacing_tablet":0,"ocean_menu_typo_spacing_mobile":0,"ocean_menu_typo_spacing_unit":"","ocean_menu_link_color":"","ocean_menu_link_color_hover":"","ocean_menu_link_color_active":"","ocean_menu_link_background":"","ocean_menu_link_hover_background":"","ocean_menu_link_active_background":"","ocean_menu_social_links_bg":"","ocean_menu_social_hover_links_bg":"","ocean_menu_social_links_color":"","ocean_menu_social_hover_links_color":"","ocean_disable_title":"default","ocean_disable_heading":"default","ocean_post_title":"","ocean_post_subheading":"","ocean_post_title_style":"","ocean_post_title_background_color":"","ocean_post_title_background":0,"ocean_post_title_bg_image_position":"","ocean_post_title_bg_image_attachment":"","ocean_post_title_bg_image_repeat":"","ocean_post_title_bg_image_size":"","ocean_post_title_height":0,"ocean_post_title_bg_overlay":0.5,"ocean_post_title_bg_overlay_color":"","ocean_disable_breadcrumbs":"default","ocean_breadcrumbs_color":"","ocean_breadcrumbs_separator_color":"","ocean_breadcrumbs_links_color":"","ocean_breadcrumbs_links_hover_color":"","ocean_display_footer_widgets":"default","ocean_display_footer_bottom":"default","ocean_custom_footer_template":"0"},"product_cat":[15],"product_tag":[],"_links":{"self":[{"href":"https:\/\/lafermedelatruffe.fr\/API\/wp-json\/wp\/v2\/product\/50395"}],"collection":[{"href":"https:\/\/lafermedelatruffe.fr\/API\/wp-json\/wp\/v2\/product"}],"about":[{"href":"https:\/\/lafermedelatruffe.fr\/API\/wp-json\/wp\/v2\/types\/product"}],"replies":[{"embeddable":true,"href":"https:\/\/lafermedelatruffe.fr\/API\/wp-json\/wp\/v2\/comments?post=50395"}],"wp:attachment":[{"href":"https:\/\/lafermedelatruffe.fr\/API\/wp-json\/wp\/v2\/media?parent=50395"}],"wp:term":[{"taxonomy":"product_cat","embeddable":true,"href":"https:\/\/lafermedelatruffe.fr\/API\/wp-json\/wp\/v2\/product_cat?post=50395"},{"taxonomy":"product_tag","embeddable":true,"href":"https:\/\/lafermedelatruffe.fr\/API\/wp-json\/wp\/v2\/product_tag?post=50395"}],"curies":[{"name":"wp","href":"https:\/\/api.w.org\/{rel}","templated":true}]}}